- 5)?
11
Evaluate 1 - 0 - (-3 - -2).
2
Evaluate -30 + 25 + (1 - -5).
1
Calculate -4 + (3 - 0 - 0) - 2.
-3
Evaluate 0 - 6 - (-5 + 12 + -9).
-4
5 - (10 + 1 - (-1 - -6))
-1
What is 1 - ((2 - 4) + 2)?
1
What is -5 - (-1 - 6 - -7)?
-5
What is the value of 0 - 1 - (-10 - -10)?
-1
Evaluate 8 + -6 + -4 + 11.
9
What is -2 - (-14 - (-1 - 4))?
7
Calculate 10 - 1 - (21 + -43 + 24).
7
What is the value of 1 - (9 + -5) - -5?
2
What is the value of 45 - 28 - (13 + 1)?
3
-3 + -5 + (1 - -7)
0
Calculate 1 + 4 + 0 - (-4 - -7).
2
Calculate 0 + -5 - (-17 - -10).
2
Calculate 1 - (1 - (-6 + 11)).
5
7 + -3 + (1 - (4 + -1))
2
165 + -175 - (-1 + -9)
0
Evaluate (7 - (11 + 2)) + 6.
0
Evaluate 0 + 11 + -3 - 3.
5
Calculate (44 - 37) + -14 + 0.
-7
What is -3 + (-7 - -9) - 2?
-3
What is the value of 2 + (1 - 7) - -2?
-2
Evaluate -10 - -7 - 1 - -4.
0
Evaluate -8 + 12 + (-13 - -2).
-7
Calculate 2 - 0 - (3 - -1).
-2
What is -6 - (0 - ((18 - 5) + -5))?
2
Calculate -18 + (10 - (6 - (4 + -1))).
-11
5 + (-4 + 0 - (-21 + 18))
4
What is the value of 7 - (4 - 0) - 4?
-1
What is (6 + -3 - 8) + 6 - -8?
9
Evaluate -5 - ((4 - -1) + -7 + -3).
0
Calculate -19 + 17 - (-9 - -1).
6
Calculate (-1 - -6) + 4 + -12.
-3
Calculate 4 + -3 - ((4 - 5) + 3).
-1
Calculate -1 - (0 + 2 - 4).
1
Evaluate -1 - (2 - (-1 + 4)).
0
What is 1 + (1 - (4 - 2)) - -1?
1
Calculate 6 - (2 - 2 - (-20 + 16)).
2
Evaluate -6 + 9 + -4 + -2.
-3
Evaluate 7 + (6 - (12 + -2)).
3
What is 17 + 17 + -21 + (-1 - 2)?
10
What is the value of -1 + 4 + 1 + 2 + -10?
-4
What is the value of 2 + 0 - (7 + -1 - 4)?
0
Evaluate (4 - 9) + 1 - -8.
4
(0 + 1 - -2 - -1) + -3
1
What is -3 + 5 + (-11 - -5) + 8?
4
What is the value of -5 - (11 - 7 - 11)?
2
Calculate -1 + -7 - (16 - 19).
-5
What is 1 - (-2 - -2 - 3 - -4)?
0
Evaluate -9 + 5 - -6 - (0 + 0).
2
Evaluate -4 - ((14 - 7) + -8).
-3
Evaluate 11 - (5 - 0) - 2.
4
Evaluate -5 + -2 + 1 + 4 - -4.
2
What is the value of 3 + -3 - (0 - -3 - 1)?
-2
What is the value of (-8 - -4) + -4 + 3?
-5
17 + (1 - 4) + -8
6
3 + -1 + 4 + -5
1
Calculate 2 - (-7 - -6 - (-13 + 5)).
-5
Evaluate (-5 - (-8 + -5)) + -2.
6
Calculate -1 + 10 - (28 - 27) - 0.
8
What is -1 - 5 - (0 - -4) - -3?
-7
(0 - -6 - (4 + -1)) + 1
4
What is the value of (6 - 4) + 1 + -2 - 1?
0
Calculate -3 + (6 + -5 - -6).
4
(-19 - -26) + -9 + 0 + 10
8
What is the value of (3 - (0 + -1)) + -2?
2
What is the value of -12 + 15 + (3 - 8)?
-2
Evaluate 1 + 0 - (92 - 84).
-7
What is -1 + 6 + (-1 - 1) - 4?
-1
Calculate (-1 - (-9 + 3) - 9) + 2.
-2
Calculate 2 + -16 + (0 - -9).
-5
Evaluate 3 - (-15 + 12) - (7 + 1).
-2
Evaluate -7 - (-19 + 13 - (-1 + -1)).
-3
Evaluate 1 - 5 - -3 - (0 + -2).
1
-43 + 45 - (0 + 2 + -1)
1
(10 - 5) + -3 - (0 - 0)
2
Evaluate 4 + -2 + -73 + 65.
-6
Evaluate -2 - (0 + (9 + -5 - 3)).
-3
Evaluate (0 + -1 - -5 - -1) + 1.
6
Calculate 23 - 19 - (6 + 1).
-3
What is the value of 0 + (3 - (1 + 1)) + -2?
-1
What is the value of (2 - 6 - 4) + 3?
-5
What is the value of 5 - 5 - (-3 + -2)?
5
What is 0 + (-11 - (7 + -25))?
7
What is the value of -3 + (15 - 17) + (0 - -1)?
-4
-13 + -13 + 4 + 15
-7
What is 0 + 1 + -8 + 33 + -23?
3
What is -2 + 2 + -1 + (1 - 4)?
-4
What is 8 + -1 + -5 - -1?
3
Calculate (6 - 6) + (-3 - -4).
1
Calculate 2 - (1 - ((-3 - -7) + -4)).
1
What is the value of 9 - 0 - 11 - -9?
7
-4 + 5 + 6 - 5
2
What is the value of -4 + 7 + 2 + -7?
-2
Evaluate -2 - (12 - 16 - 7).
9
What is the value of 3 - 2 - -3 - 0?
4
Evaluate 1 + 0 - -3 - 8.
-4
Evaluate 7 + -3 - (2 + 5).
-3
Calculate -3 - -1 - (-18 - -22).
-6
Evaluate -15 + -5 + (-6 + -2 - -19).
-9
Evaluate 7 + (-13 - -6) + 7.
7
What is -4 - (-3 + 7 - (1 + 3))?
-4
Calculate -16 - (-8 + 5 + 4 - 8).
-9
Evaluate 0 + 4 + -7 + 8.
5
What is 0 - 1 - (-4 + 4 - -2)?
-3
Evaluate 4 + (4 - 4) + -2.
2
What is 6 - (1 + 4 - (7 + -4))?
4
-3 + (6 - 0 - 8)
-5
Evaluate 6 + -2 - (0 + (3 - 2)).
3
What is the value of -2 + 1 - (-2 + (-3 - -6))?
-2
Evaluate -28 + 27 + (2 - 0).
1
-2 - (2 + -3 - 2)
1
What is the value of 5 + (6 - 11) - -4?
4
-4 + -1 + (0 - -1)
-4
What is the value of -2 - (-5 + 0 + 5)?
-2
What is the value of 13 + -11 - (3 + -1 + 1)?
-1
-1 + -6 - (4 - 8)
-3
(-10 + 7 - -3) + -4
-4
What is -7 - (-1 + -1) - -2?
-3
Evaluate 5 + -1 + 1 - 4.
1
Calculate 1 - -3 - ((3 - 7) + 2).
6
-5 + (-7 - -11) - (0 + 1)
-2
What is the value of 18 + -24 - (-1 + -4 - 2)?
1
What is -1 - (-2 - -2) - (-13 + 15)?
-3
-10 + 6 - (2 + (-13 - -2))
5
Evaluate 3 + -2 + 0 - 11.
-10
What is the value of 2 + (-3 - -2 - (-7 + 3))?
5
Evaluate (6 - 6) + (-3 - -4).
1
(1 - (0 + (0 - -2))) + 3
2
What is 5 + (-8 - -7) + -15?
-11
What is (1 - -3) + -6 + 0 + 5?
3
Calculate 9 - (1 - (-1 + -2 + 0)).
5
What is (4 - -9) + -23 + 10?
0
Evaluate 5 + 3 + 4 + -8.
4
1 + -2 + (-3 - -4 - -4)
4
Calculate -350 - -354 - (0 + 1 + 5).
-2
Evaluate (2 - 6) + 21 - 7 - 2.
8
Evaluate 0 + -3 + (-2 - -4 - -5).
4
Evaluate 0 - -11 - (2 + 2 - -3).
4
Calculate 0 + -2 + -1 + (-1 - -1).
-3
Calculate 10 + -4 + 0 - 5.
1
What is -4 + -2 + 8 - (1 + -4)?
5
Evaluate 56 + -56 + (2 - (-3 - -2)).
3
What is the value of -10 - (-10 + 13) - -9?
-4
What is the value of 7 - ((14 - 4) + 11 + -10)?
-4
3 + 0 + -1 - (-69 + 71)
0
(2 - -1) + (-4 - 4)
-5
Calculate 6 - (-2 - -2) - 3.
3
Calculate -3 + -2 + 2 + 7.
4
Calculate 0 - 5 - (-8 + 9).
-6
What is the value of -7 + 5 + 1 + -3?
-4
-4 - -4 - ((8 - 2) + -2)
-4
What is 3 + -3 + 7 + -8 + 7?
6
Evaluate 2 + -1 + -8 + 9.
2
Calculate -4 + -1 + (1 - 0).
-4
What is the value of 16 - 27 - (-2 + -11)?
2
What is the value of -1 - 1 - (-9 - (9 + -24))?
-8
What is -4 - (-6 - -3 - 4)?
3
What is the value of -70 + 67 - ((4 - 0) + 1)?
-8
Calculate 5 - ((-10 - -17) + -8).
6
What is 3 - ((2 - -4) + -5)?
2
What is the value of -6 + 5 - (-11 - -2 - -2)?
6
-4 + 3 + -3 - (-12 + 7)
1
Calculate (-11 - 1) + 10 + -6.
-8
What is 1 + -1 + 2 - (-5 + 5)?
2
-1 - (-13 - (-22 + 10))
0
Evaluate 1 + (0 - 3) + -3.
-5
What is the value of -3 + 7 + -12 + 8?
0
-11 + 8 - (-10 - -3 - -2)
2
Calculate -7 - -3 - -1 - -5.
2
Calculate (-2 - (-1 + 0)) + 2 + 0.
1
(-8 - -6) + (-4 - -3)
-3
What is the value of -1 - (-6 + 4 + 0 + -1)?
2
Evaluate 5 - (5 + 1 + (6 - 12)).
5
(0 - -2) + 1 + 0 + -4
-1
What is the value of -2 - (7 - (11 + -2))?
0
Evaluate 6 + (1 - 5 - -1) + 1.
4
Calculate (-3 + 1 + -1 - 4) + 4.
-3
What is -1 + 1 + (0 - 2)?
-2
What is the value of (1 - 1) + 8 + (-15 - -14)?
7
Evaluate 3 + 0 + 1 + -2 + 3.
5
Evaluate 9 + -2 + 3 + -22 + 10.
-2
What is the value of 4 + 1 + 3 - (-2 + 6)?
4
Calculate -4 - (2 - -1 - 2).
-5
Evaluate -1 + (3 - (8 + -3 + 3)).
-6
What is the value of -8 + 7 + 16 + -8?
7
What is -1 + (4 + 1 + -6 - -7)?
5
4 + -2 - 0 - 4
-2
What is the value of 2 + 1 + (-5 - -2)?
0
Evaluate -5 + 5 + -4 + 11.
7
Calculate (1 + -7 - -13) + -9.
-2
What is 8 - (4 - (7 - 9))?
2
Calculate -3 + 5 - (1 - 0) - -5.
6
Evaluate 0 + -12 + 8 + 4.
0
Calculate -5 + (5 + -8 - (-9 - -4)).
-3
What is 40 + -28 + -7 + 2 + 1?
8
(-1 - (-4 + 0) - 6) + 4
1
-2 + 2 + 0 + (6 - 6)
0
Evaluate (-8 + 4 - 1) + 5.
0
Evaluate -5 + -7 + 13 + 1 + 0.
2
0 - -4 - (0 - -1)
3
Calculate (1 - (2 - 0 - -2)) + -1.
-4
Calculate -2 + -1 - 1 - -8.
4
What is the value of -4 + (8 - 0) + -10?
-6
What is (3 - (2 - 0) - 3) + -3?
-5
1 - (1 - 1 - -2 - 4)
3
Calculate 7 - ((-6 - -2) + 2 + 3).
6
(-1 - 1) + (3 - -4 - 4)
1
Evaluate 2 + 0 - (1 - -5).
-4
Calculate -7 - (-6 + (-10 - -6)) - 7.
-4
2 + -4 + 6 + -5 + 1
0
Evaluate 2 + -4 + 2 + 1 + 1.
2
Evaluate 3 - (-11 - 0) - 6.
8
What is the value of 6 - (0 - (-6 + (-1 - -5)))?
4
(-6 - 1) + 7 + -4
-4
What is 0 - 0 - (-1 - 0 - 1)?
2
Calculate -6 - (-3 + -6 + 4).
-1
Evaluate 0 + 3 - 4 - (1 + -5).
3
What is the value of -21 - (-26 - (11 + -24))?
-8
What is (16 + -7 - 11) + 11?
9
Calculate 2 + 7 + -5 - 6.
-2
What is (18 + -26 - (-1 - 3)) + 10?
6
Calculate 1 + -1 + 3 + -2.
1
Calculate 7 - (17 - -1) - -11.
0
Calculate 4 + (-3 - (2 - 5)).
4
Calculate 2 + 2 + -5 - (-3 + 2).
0
What is the value of (-5 - (-1 - 1)) + 7?
4
Evaluate -6 - -5 - 2 - (1 + -5).
1
What is (5 - (5 + -8)) + -5?
3
What is -4 + (5 - (-2 + 0)) + -4?
-1
What is (17 - 4 - 18) + -1?
-6
8 + (-13 - -7) + -2 - 0
0
What is the value of 5 - 1 - ((-3 - -10) + -5)?
2
(2 - 2) + (8 - 7)
1
What is the value of 2 - (-11 + 1 + 5) - 2?
5
What is the value of -5 + 2 + (11 - 10)?
-2
What is -3 + (3 - 3) + 1?
-2
Evaluate (1 - 0) + -5 + -10 + 11.
-3
What is